 (12 + -5 - -8) + -2. What is the greatest common divisor of 65 and f?
13
Let d(f) = -f**3 + 9*f**2 - 4*f + 12. Let u be d(9). Let g = -22 - u. Suppose -4*s + s = y - 9, 6 = g*s + 3*y. Calculate the highest common divisor of s and 6.
3
Suppose 8*v - 109 = -37. Suppose 37 = 2*p - v. What is the greatest common factor of 207 and p?
23
Let q be (-3)/(-5) + 4/(80/908). What is the greatest common factor of q and 920?
46
Suppose 0*c - 3*f + 381 = c, -4*f - 1182 = -3*c. Suppose 0 = 7*a + c - 1104. What is the greatest common divisor of a and 68?
34
Let p = 101 + -101. Suppose -27*l + 29*l - 80 = p. What is the greatest common divisor of l and 8?
8
Let z = -1 - -16. Suppose -10 = -2*d, -5*p - 3*d = -20 - z. Calculate the greatest common divisor of 10 and p.
2
Suppose -5*j = 2*c + 13, 4*j + 0*j = 5*c - 17. What is the highest common divisor of 4 and c?
1
Let v be (1/(-2))/((-2)/48). Let r(l) be the second derivative of 3*l**3 - 5*l. Let w be r(2). Calculate the highest common divisor of w and v.
12
Let c(g) = -12*g + 57. Let k(a) = -3*a + 14. Let v(y) = -5*c(y) + 21*k(y). Let z = -19 - -14. Let m be v(z). Calculate the highest common factor of 120 and m.
24
Suppose 6*x - 4*x - 14 = 0. Suppose -x - 13 = -5*g. Calculate the highest common divisor of 16 and g.
4
Let t(a) = -a**3 - 15*a**2 - 19*a - 53. Let w be t(-14). What is the highest common divisor of 85 and w?
17
Let d(u) = 8*u**3 - 2*u**2 + 2*u + 4. Let a be d(2). What is the highest common divisor of 56 and a?
8
Let d = 928 - 925. Let g(x) = -x**2 - 7*x + 3. Let i be g(-6). Calculate the highest common divisor of i and d.
3
Let g(s) = 2*s**2 - 7*s + 9. Let m(z) = -6*z**2 + 21*z - 27. Let j(a) = 7*g(a) + 2*m(a). Let u be j(4). Calculate the highest common divisor of 143 and u.
13
Let n = 391 + 57. Calculate the greatest common divisor of 64 and n.
64
Let s(v) = v**2 + 9*v + 15. Let g = 15 - 24. Let b be s(g). Calculate the greatest common divisor of 15 and b.
15
Let o = 0 + 2. Suppose -3*a + 8 + 43 = 3*p, 2 = 2*a. Let j = p + 0. Calculate the greatest common factor of o and j.
2
Suppose 2*a + 13 = -k + 44, 0 = a + 3*k - 18. Let q = -475 + 481. Calculate the highest common divisor of a and q.
3
Suppose -5*l + v + v + 544 = 0, 4*l - 3*v = 438. Let k be (-33 - -249)*3/9*1. Calculate the highest common factor of l and k.
36
Suppose 10*v + 0 = 360. Let s be ((-1)/3)/((-1)/54). What is the highest common factor of v and s?
18
Let m = 380 + -323. What is the highest common divisor of m and 19?
19
Suppose 13 = s - 9*z + 12*z, 6 = 3*s - 2*z. What is the greatest common divisor of 4 and s?
4
Let r be ((-26)/(-10))/((-6)/(-30)). Let p be (r + (0 - 1))*3/2. Calculate the highest common divisor of 6 and p.
6
Suppose -9*w - v + 231 = 0, w + 3 = -5*v + 14. Calculate the highest common divisor of 1300 and w.
26
Let z be 408/(-612) - (-8)/3. What is the highest common factor of 143 and z?
1
Let s be 12 + (2 - -2)/2. Let a = -13 - -19. Suppose -a*j + 112 = -2*j. What is the highest common divisor of j and s?
14
Let v be (23 + 106)*(-9)/(-3). Calculate the greatest common factor of v and 86.
43
Suppose 2*y + 2*n + 6 = 0, 4*y = -n - 1 + 4. Suppose 3*u = 4*c - 98, 5*c - u = y*u + 124. What is the greatest common divisor of 156 and c?
26
Let b be 15 + -1 - (-37 - 30). Let i(z) = -9*z - 2. Let v be i(-3). Suppose -t - 3*t + 5*n = -61, 5*n = -v. Calculate the greatest common divisor of t and b.
9
Suppose 72 = c + 2*c. Suppose 4*s = -11*s + 3240. Calculate the greatest common divisor of c and s.
24
Let p = 20 - 14. Let b(n) = 2*n**2 - 111*n - 389. Let f be b(59). Calculate the highest common factor of f and p.
6
Let x(f) = 2*f**2 + 10*f - 6. Let h be x(-6). Suppose 4*o - h - 2 = 0. Suppose -o*r = 6*r - 152. Calculate the highest common factor of 57 and r.
19
Let d = -43 + 43. Suppose -12*q + 7*q + 280 = d. Calculate the highest common divisor of 14 and q.
14
Let a be 3 - (1 - 2)*(-34)/(-2). Let u = a - -16. What is the highest common factor of u and 54?
18
Suppose b = 6*b - 170. Suppose -10 = -39*l + b*l. What is the highest common factor of l and 6?
2
Let a(i) = -9*i - 6. Let s(h) = 5*h + 1. Let p be s(-1). Let b be a(p). Suppose 16*d = 11*d + b. What is the greatest common divisor of d and 2?
2
Let j = -21 - -37. Let q(u) = 21*u - 689. Let x be q(33). What is the highest common divisor of j and x?
4
Let v(l) be the third derivative of l**6/120 + l**5/6 - l**4/12 - 7*l**3/3 + 12*l**2. Let o be v(-10). Calculate the highest common divisor of o and 66.
6
Let x be -15*((-3)/2 + (-58)/12). Suppose m - 5*s = 23, s = 3*m - s - 56. Let u be (2/(-2))/(-1) + m. What is the highest common divisor of u and x?
19
Suppose 4*w - 3*t = t + 168, 0 = 5*w + 3*t - 178. Let i = 1434 + -1377. Calculate the greatest common factor of w and i.
19
Suppose -4*i = -a - 206 + 2, -3*i - 5*a = -130. What is the greatest common divisor of 675 and i?
25
Let t(l) = -11*l**2 + 3*l. Let h be t(2). Let k = 49 + h. What is the greatest common factor of 1 and k?
1
Let z = 259 - -213. Calculate the highest common factor of 8 and z.
8
Suppose -7*d - 111 = -r - 6*d, 136 = r + 4*d. What is the greatest common divisor of 2 and r?
2
Let x(i) = i**2 + i - 4. Let u be x(-3). What is the greatest common divisor of u and 14?
2
Let r be (-96)/(-10) + 4/10. Let u be ((-8)/r)/((-1)/100). Suppose b - 2*b + u = 0. Calculate the greatest common divisor of 32 and b.
16
Let r be 3/(18/(-10)) + (-2152)/(-24). What is the greatest common factor of 77 and r?
11
Suppose -4*z + 156 = -2*z + 4*u, 0 = 4*z - u - 321. Calculate the highest common divisor of 260 and z.
20
Suppose -2*c = -w + 38, 17*c + 15 = 14*c. What is the highest common divisor of 126 and w?
14
Suppose s - 8 = 2*a, -2 + 5 = -a. Suppose 3*u - 8*u + 5 = 0. Suppose u = -w + g, -s*g - 18 = -2*w - 5*g. Calculate the highest common factor of w and 24.
3
Let i = 19 + 14. Suppose -2*r = 2*t - 58, -2*t + 2*r + 33 + i = 0. What is the greatest common factor of 124 and t?
31
Let u(p) = 73*p + 76. Let f be u(10). Calculate the greatest common divisor of 186 and f.
62
Let z(m) = m**3 + 11*m**2 - 4*m + 2. Let g be z(-7). Suppose -b + n - 21 = -73, 2*n - g = -4*b. What is the greatest common divisor of 5 and b?
5
Let s be 30/(-36) + (-154)/(-12). Let b be 16/10*(-25)/(-2). Calculate the highest common factor of b and s.
4
Let a be (16/(-20))/((-3)/30). Let b be 2*(10 - a)/(1/14). What is the greatest common factor of 84 and b?
28
Suppose 0 = -8*v + 156 - 36. Let t = 183 + -18. Suppose 0*q + t = q. Calculate the greatest common divisor of q and v.
15
Let a be 4 - (-75)/(-20) - (-7542)/8. Suppose -3*z = 4*p - 1073, 2*z + p - a = -236. Calculate the highest common factor of 39 and z.
39
Suppose -3*f + 5*f + 4 = 4*d, 0 = 4*f. Let k = -19 - -37. Suppose -2*o + 4*v = k, -3*o - 4 = 2*v - 17. Calculate the greatest common divisor of d and o.
1
Let j(w) = 2*w**2 + 11*w. Let p be j(-10). Calculate the highest common divisor of p and 120.
30
Let i(c) = -c**3 - 3*c**2 + 9*c + 5. Let o be i(-5). What is the highest common factor of 5 and o?
5
Suppose -2*m = -4*c + 2*m + 6604, -4*c = -3*m - 6602. Calculate the highest common factor of c and 17.
17
Suppose 2*v - 21 = -v + 4*l, 4*v = l + 15. Suppose -v*o = 2*o - 45. Let a = o - 0. What is the highest common factor of a and 18?
9
Let r = 48 + 47. Calculate the highest common divisor of r and 57.
19
Let r be -6 - (14/42 + (-206)/6). Let f(m) = 8*m**2 + 3*m + 2. Let u be f(-2). What is the highest common divisor of r and u?
28
Suppose -2*v + r + 14 = 0, 4*r - 13 = -5*v + r. Suppose 0*y + 39 = 3*y + 2*g, 4*g = -v*y + 63. What is the highest common factor of 120 and y?
15
Suppose 0 = -5*b + d + 24 + 20, 0 = -4*b - 5*d + 41. Suppose -6*x + b*x - 9 = 0. Suppose 52 = x*o + 16. Calculate the greatest common factor of o and 3.
3
Let m(z) be the second derivative of 1/12*z**4 - 1/2*z**2 - 7/6*z**3 - 3*z + 0. Let k be m(-6). Calculate the greatest common divisor of k and 7.
7
Suppose 0 = -70*k + 99*k - 522. Let u be -2 - (5*-11 - 1). What is the highest common divisor of u and k?
18
Suppose -3*p + 4 = 3*l + 10, -4*l = 0. Let m = p - -29. Calculate the greatest common factor of m and 81.
27
Suppose 2*l - 7*l + 5*b = -5, 0 = -3*b + 6. Suppose l*m - 3 = 9. What is the highest common divisor of m and 8?
4
Le